e d/(-21) - 66/(-21). Calculate the highest common factor of 3 and w.
3
Let w = 962 - 870. Calculate the highest common divisor of w and 276.
92
Let m = -32 + 67. Let b = m - 30. Calculate the greatest common divisor of b and 40.
5
Suppose -3*n + 761 = -2*v, 5*v - 298 + 33 = -n. What is the highest common divisor of n and 30?
15
Let z = 789 - 772. What is the highest common factor of 34 and z?
17
Let m = 550 - 528. Calculate the greatest common divisor of 99 and m.
11
Let k(n) = 7 + 3 - 4*n - 15. Let z be k(-4). Calculate the highest common factor of z and 11.
11
Let s = 377 + -101. Calculate the highest common factor of s and 69.
69
Suppose 25*i - 2219 + 294 = 0. Calculate the greatest common divisor of i and 99.
11
Let w = -1903 - -1951. Calculate the greatest common factor of w and 1212.
12
Let l = 672 - 199. What is the greatest common divisor of l and 43?
43
Let r(x) = x**3 + 6*x**2 - 9*x - 31. Let a be r(-6). Suppose 69 = -18*k + 21*k. Calculate the highest common divisor of k and a.
23
Suppose -b = 5*r - 171, 2*r + 2*b = 5*r - 113. Let a = 53 - r. What is the greatest common divisor of 90 and a?
18
Let j(i) = 3*i**3 - i**2 - 3*i + 4. Let r be j(3). Suppose -99 + r = -2*v. What is the greatest common factor of v and 144?
16
Let i be ((-1)/(-3))/((-3)/(-189)). Suppose -3*x + 168 = 5*j + x, -j - 5*x = -i. Calculate the highest common divisor of 9 and j.
9
Suppose 13*c + 265 = 473. What is the greatest common divisor of 28 and c?
4
Let j = 1408 + -1404. Calculate the greatest common divisor of 224 and j.
4
Let c = -28 - -76. Suppose 2*b - c = 42. What is the highest common factor of b and 5?
5
Let n = 2561 + -1921. Calculate the highest common divisor of n and 896.
128
Let g be (7/(-2))/((-2)/4). Let s = g - 6. Calculate the highest common factor of 5 and s.
1
Suppose 19*n - 15*n - 16 = 0. Suppose 3*r - 7 - 17 = 0. Suppose u + r = 3*u. Calculate the highest common factor of n and u.
4
Suppose 26*l - 20*l - 3078 = 0. Calculate the greatest common divisor of l and 19.
19
Let a = -258 + 292. Calculate the highest common divisor of 272 and a.
34
Suppose 0 = 5*w + 4*f - 29 - 8, 2 = -f. Let u be (-24)/(-10) - (-12)/20. What is the highest common divisor of u and w?
3
Suppose -5*u = -21 - 34. Suppose 10*a + 8 = u*a. Let p be 1*((1 - -1) + 14). What is the highest common factor of a and p?
8
Let h be (3323 - 1) + (16 - (0 - -10)). Calculate the greatest common factor of 104 and h.
104
Let o = -1622 - -1707. Calculate the highest common factor of o and 119.
17
Suppose -51*r - 640 = -61*r. What is the greatest common divisor of r and 16?
16
Let y be (-10)/5*(-136)/16. What is the highest common divisor of 289 and y?
17
Let o(p) = -24*p + 4. Let y be o(-3). Suppose 0 = t + 55 - 74. Calculate the highest common factor of y and t.
19
Let n = 1631 + -602. What is the highest common factor of n and 49?
49
Let u(o) = 129*o**2 - o - 2. Let t be u(1). Calculate the highest common factor of t and 210.
42
Suppose 0 = 3*c + c - 320. Suppose 39 = 5*r + 5*q + 9, -12 = -2*r - 3*q. Suppose 0 = r*n - 80 - 112. Calculate the greatest common divisor of n and c.
16
Let x be 132/(-10)*5/(-2). Let g = x + -56. Let h = g + 44. What is the highest common factor of 21 and h?
21
Let z = 76 + -64. Let u be 1/1 - z*(-16)/24. Calculate the highest common divisor of u and 198.
9
Let t be -3 + (-1170)/(-12) + (-9)/6. Calculate the greatest common divisor of t and 372.
93
Let y = -565 + 2001. Calculate the greatest common divisor of 4 and y.
4
Let n = 321 - 169. Suppose -95 = -11*b + 6*b. Calculate the highest common factor of b and n.
19
Let c be -5 - (-11 - (-8)/(-1)). What is the greatest common factor of c and 350?
14
Let j(p) be the second derivative of -p**3/6 - 6*p. Let z be j(-4). Suppose -12 = -z*h + 32. Calculate the greatest common divisor of h and 77.
11
Suppose -168 = 7*n - 1554. Suppose 0 = -3*q - 3*q + n. Let h = 19 + q. Calculate the greatest common divisor of h and 26.
26
Suppose 0 = -2*r + g + 158, 3*r = 2*r + 4*g + 86. Let c(t) = -11*t + 19. Let x be c(-3). What is the greatest common divisor of x and r?
26
Suppose -3*g - 5*b = -83, 0 = 2*g - 0*b + 2*b - 58. What is the greatest common divisor of 1333 and g?
31
Let c = 13 + -13. Let f(u) = 6*u + c*u**2 + 2*u**2 - 5*u - 1. Let d be f(4). Calculate the highest common divisor of d and 14.
7
Suppose 0 = -4*v - 16, v - 5 = -2*d - 7. Let z be 40/2 + (d - (3 + 0)). Calculate the greatest common factor of 36 and z.
18
Let j(i) = i**3 + 9*i**2 + 6*i - 16. Let h be j(-8). Suppose h = r - 5*r + 192. Let d = 13 - 1. What is the greatest common factor of r and d?
12
Let g = 73 - 121. Let u be (2/3)/((-4)/g). What is the highest common divisor of u and 1?
1
Let f be (-4)/18 + (-68)/18. Let r(i) = 2*i**2 - i - 1. Let j be r(f). What is the greatest common factor of j and 14?
7
Suppose -2883 + 615 = -81*l. Let p = 9 - 5. What is the highest common divisor of l and p?
4
Suppose -2*w = j - 44, 4*w = 2*w + j + 48. Suppose 0 = 4*b - 3*d - 893, 0 = -0*d - d - 3. Suppose -y = -b - 9. What is the highest common factor of y and w?
23
Let w be 33*(-10)/(-15) - (-1 + 0). Let x = 8 + -21. Let p = w + x. Calculate the greatest common divisor of p and 110.
10
Suppose -11*i + 5*t = -8*i - 90, -5*t - 115 = -4*i. Calculate the highest common factor of 625 and i.
25
Let v be (58/(-8))/(2/24). Let c = -75 - v. Calculate the highest common factor of 12 and c.
12
Let x = 33 + -34. Let w be (4 - -4)/2 - x. What is the greatest common divisor of w and 10?
5
Let m = -386 - -388. Suppose -3*d + 5*d + 216 = 0. Let b be (1/(-3))/(m/d). Calculate the greatest common divisor of b and 45.
9
Suppose -5*h + 1 = s + 30, 0 = -5*s + 2*h - 10. Let o = s - -23. What is the greatest common factor of o and 95?
19
Let p = -8 - 1. Let n be (-22)/99 - 407/p. Suppose 3*k - 4*k = -n. What is the greatest common factor of k and 5?
5
Let l(h) = 11*h - 8*h - 7*h - 6. Let p be l(3). Let m be (-4)/18 + (-1516)/p. What is the greatest common factor of m and 12?
12
Let i be 22/4 + (-2)/4. Suppose i*x = -12 - 13. Let u = 14 + x. What is the highest common divisor of 81 and u?
9
Suppose -39*i + 6352 + 6635 = 0. What is the greatest common factor of 9 and i?
9
Let z(v) = -31*v + 5. Let c be z(-1). Let r be (6/1)/(2/3). Calculate the highest common divisor of c and r.
9
Suppose -2*s = -5*g - 25, 0*s + 20 = -4*g + s. Let j be 4 - (-5 - (g + 2)). Let r = j - 1. What is the highest common divisor of r and 2?
1
Let c = -793 - -1345. Calculate the highest common divisor of 207 and c.
69
Let s = -49 - -54. What is the greatest common factor of s and 40?
5
Let v = -39 + 72. Let x be 3/(-5) + v/5. What is the highest common divisor of x and 42?
6
Let z = 3 + 0. Suppose 0*x - x + z = 0. Let i be 2 + 0/2 + x. Calculate the greatest common factor of i and 55.
5
Let f be (-5644)/(-22) + (-390)/715. Suppose -7*v + 2*v + 160 = 0. What is the highest common divisor of f and v?
32
Let a be ((-2)/6)/((104/336)/(-13)). What is the highest common divisor of a and 406?
14
Let v(i) = -3*i**2 + 3*i + 0*i**3 - i**3 + 4 - 2. Let o be v(-5). Suppose 3*g - o = 20. Calculate the highest common divisor of 209 and g.
19
Suppose -42 = -5*d + 2*d. Let y be 1 + (-1)/(-2)*138. Calculate the greatest common factor of y and d.
14
Let y(z) = 3*z + 46. Let t be y(9). Calculate the greatest common factor of t and 1168.
73
Let n be -1 + ((-3)/(3/(-1)) - -73). Let l = n + -63. Let k(u) = 10*u - 10. Let j be k(8). Calculate the highest common factor of j and l.
10
Let y be ((-41)/(1148/(-720)))/((-1)/(-7)). What is the highest common divisor of y and 72?
36
Suppose 2*j - 105 = -f + 199, -4*f - 786 = -5*j. Calculate the greatest common divisor of 22 and j.
22
Let c(q) = q**3 + 10*q**2 + 2*q + 9. Let z be c(-10). Let v be (0 - z) + 2 + 1. Suppose 2167 + 759 = 19*t. Calculate the greatest common divisor of v and t.
14
Suppose 4*g - 39 = 85. Suppose -q - 8 = -g. Calculate the highest common divisor of q and 207.
23
Let v = -94 - -101. Suppose 0*m + 74 = -5*j + 2*m, 3*j + m + 51 = 0. Let p be (-21)/(2 + 38/j). Calculate the greatest common divisor of v and p.
7
Suppose 11*f - 331 + 45 = 0. What is the highest common factor of f and 26?
26
Let g = 6 + 1. Suppose 4*s = -g - 1. Let m be s - 0 - -5 - -17. Calculate the highe